at is -1 + (1 - -6 - (5 + 1))?
0
What is (30 - 30) + (1 - 2) + 3?
2
What is the value of (-5 + 5 - 9) + 5?
-4
-3 + (2 - 2 - 0) - -8
5
Calculate 1 + -3 - (37 + -36).
-3
What is 0 + 2 + -4 + 6 + -6?
-2
Evaluate 0 + (7 - 4 - (1 - 2)).
4
What is 8 - -10 - 4 - 9?
5
Calculate -3 + (5 - (1 + 4)).
-3
What is the value of -37 + 35 + 2 + 3?
3
What is the value of 11 - (4 - (9 - 15))?
1
What is the value of 1 + 0 + -6 + -3?
-8
What is the value of (6 - (1 - 2)) + (-7 - -4)?
4
What is 2 + 1 + -4 - (0 - 0)?
-1
What is -14 + 11 + 0 + 1 + -2?
-4
(0 + -3 - -6) + 0 + -4
-1
Evaluate (2 + 1 - (18 - 21)) + -4.
2
Calculate (-8 - -11) + -1 - 3.
-1
What is the value of 4 + -5 + -4 + -5 + 4?
-6
Calculate 8 - (-4 - -9) - (6 - -1).
-4
What is the value of 0 - ((-6 - -10) + -4)?
0
Evaluate (-6 - (1 + -2)) + 9.
4
What is 4 - (-2 + -6 + 11)?
1
What is -4 + -1 - (4 - (1 - 1))?
-9
Evaluate -2 + -9 + 1 + 5.
-5
-11 + 2 + (4 - -1) - -4
0
13 + -4 + (1 - 8) + 5
7
What is the value of -1 + -4 - (2 + -4)?
-3
What is the value of 1 + 6 + -2 + 0 + 2?
7
Evaluate -1 - -4 - (3 - (-14 + 16)).
2
What is the value of (-9 - (-1 + 0)) + 4?
-4
Calculate 1 + 6 + -3 - 6.
-2
1 + 3 + (-28 - -26) - 4
-2
Calculate -5 - (-7 - (1 - -3)).
6
6 + -12 + (6 - -4)
4
What is the value of (9 - 3 - 0) + (2 - -2)?
10
Calculate -1 - (-1 + 2 - -2).
-4
-8 + 25 - (2 + 8)
7
Evaluate 5 - (8 + -8) - (-4 - -2).
7
Evaluate -2 + 10 + -7 - -5.
6
What is the value of 4 - (1 + 2) - (-2 - 2)?
5
Calculate 7 - 4 - 5 - -5 - -1.
4
Calculate 5 - (-11 - -10) - (12 + 1).
-7
-6 + (4 + -6 - -6)
-2
-4 + 5 - (13 - 9)
-3
What is the value of -2 - (8 - (0 + 6 + 3))?
-1
What is the value of (13 - 6) + 1 + -4?
4
Evaluate 7 + -12 - (-2 - 0).
-3
What is 2 - (-5 - (9 + -5 + -5))?
6
What is the value of (-46 - -53) + (0 - 6)?
1
Calculate (2 - 4) + -3 + (-14 - -25).
6
12 - (4 - (11 - 24))
-5
What is the value of 26 - 28 - (1 + (4 - 2))?
-5
Calculate -3 + (-1 - (1 - 10)).
5
What is the value of (1 - -1) + 2 + (6 - 5)?
5
Calculate (1 - 0) + 22 + -18.
5
Evaluate 10 + -6 + 3 - (9 + -1).
-1
Calculate (-3 + (2 - -4) - 3) + -9.
-9
Calculate 2 + 2 + (-15 - -6).
-5
What is -6 + (14 - 2) + -4?
2
Calculate -1 - (-3 + 2 + 0 + -2).
2
What is -7 + (-1 + 9 - 3) + -6?
-8
What is the value of 3 - (4 - (4 + -4))?
-1
Calculate -2 + 5 + 2 + (0 - 1).
4
Calculate 2 + 1 + -1 + (-1 - 2).
-1
What is 3 + -3 + 2 - 1?
1
What is 8 + -1 + 1 + -13?
-5
What is the value of -4 + 6 - (-6 - (-3 - -2))?
7
Calculate (5 + -1 - 6) + 1 + 4.
3
Calculate 0 - (5 + -2) - (-1 + 1).
-3
(2 - 5) + -5 + -1 + 16
7
Evaluate -1 - (-6 - -2) - 6.
-3
Evaluate 6 - ((3 - -3) + (20 - 15)).
-5
-2 + (3 - 2) + 3
2
What is the value of 5 - (11 + (-2 - -1))?
-5
What is the value of -12 + (-5 - (-7 - 3))?
-7
(1 - 0) + -1 - (-2 + 3)
-1
2 - -2 - 2 - (-1 + 1)
2
Evaluate 0 + 2 + (17 - 27).
-8
What is the value of (2 - 2 - 0) + (-1 - -3)?
2
What is the value of 27 + -25 + (1 - 1) + 2?
4
Evaluate (-3 - (-8 + 1)) + 4 + -7.
1
What is the value of -9 + (-1 + 6 - -1)?
-3
What is 7 + -1 + -1 - 9?
-4
Evaluate 8 - (-7 + 11 - 3).
7
Evaluate -8 + (5 - 0) + 6.
3
What is the value of -4 - (-1 - 1 - (-3 + 5))?
0
What is the value of 11 + -9 - 2 - (-7 + 1)?
6
What is 9 + -4 + (-3 - 0)?
2
What is -3 - (-2 - -4) - -4?
-1
What is -5 - (3 + (-10 - 2) - -1)?
3
(4 + -2 - -3) + -11
-6
-6 + 8 - -9 - 6
5
What is (-6 - -9) + 0 + 2 + -2?
3
Evaluate (-6 - -1) + 5 + (1 - 1).
0
What is 2 - (1 + -6 - (-6 + 3))?
4
Evaluate (0 - 5 - (-25 - -25)) + 1.
-4
What is (0 - -5 - (12 - 9)) + -3?
-1
Calculate 8 + (-6 - (19 - 12)).
-5
Calculate -4 - 0 - -3 - (-1 - -2).
-2
What is the value of 3 + -4 - (1 + -4 + 11)?
-9
5 + -13 - -11 - (-6 - -1)
8
Evaluate -9 + 13 + (1 - 0).
5
Evaluate 5 + 16 + -4 - 10.
7
What is 1 + -2 + 2 + (5 - -1)?
7
Calculate -2 - (3 + 2 + -10).
3
0 + 4 + -4 + -3 + -1
-4
Calculate (4 - 5) + -1 - (10 - 7).
-5
What is the value of -11 + -7 + 8 - -4?
-6
What is the value of 1 + (-3 + -3 - -5) + 0?
0
Evaluate (15 - 13 - 1) + 2.
3
What is the value of 4 + -5 - (-6 - -8)?
-3
What is 2 - (2 + 3 + 5 - 1)?
-7
What is -2 + 3 + -8 + 1 + -2?
-8
Evaluate 4 + 1 + -2 + -8.
-5
Evaluate -9 + (1 - -12) - 3.
1
What is the value of 2 - ((-2 - -1) + (-9 - -6))?
6
What is the value of 1 + 0 + (-3 - (-1 - -5))?
-6
Evaluate 0 - (2 + 11 + -6 + 0).
-7
What is 8 + (-3 - -5) - 11?
-1
What is (-5 - (-7 - -4)) + 1?
-1
What is (-7 - (-2 - -4 - 1)) + 3?
-5
What is the value of -1 + 2 - 3 - -4?
2
7 - (2 + 9 - 1)
-3
Calculate -10 + 9 + -3 - -6.
2
What is the value of -1 - (2 + 0 + (3 - 5))?
-1
Evaluate (4 - 3) + 0 + (-15 - -9).
-5
Evaluate 1 + (3 + 0 + -2 - -3).
5
Calculate 0 + -2 + 2 + 4 + -2.
2
Evaluate -11 + 10 - (-8 + (4 - -1)).
2
Calculate -5 - 2 - (-2 - 0).
-5
(-2 - 0 - -1) + 1 + -6
-6
What is the value of (6 - 3) + -1 - (1 - 3)?
4
What is the value of 2 + 4 - (4 + -1) - -3?
6
Calculate 0 - -4 - ((1 - -4) + -4).
3
What is the value of 7 + 2 - (8 - 3)?
4
Evaluate (6 - 6) + 6 - 4.
2
Calculate -1 + 7 + (-21 + 11 - -7).
3
(6 - (-1 + 5 + -8)) + -6
4
45 + -42 - (-4 - -1)
6
What is the value of (-9 - (8 + -12)) + 5 + 1?
1
Calculate 4 + 0 + (0 - 2) - -2.
4
What is the value of 6 - (6 + -1 + 1)?
0
Calculate (5 + 1 - 18) + 6.
-6
What is 5 - (9 + -1) - -3?
0
Evaluate 3 + -6 - (-1 + 3).
-5
What is -7 + 7 + -1 + -1 + -6?
-8
What is the value of -8 - (-11 - -6 - 3)?
0
Evaluate 4 - (2 - (-3 + -2 + 0)).
-3
What is (0 - (4 - 3) - -2) + -2?
-1
-1 + -9 + 3 + 12 + -9
-4
What is the value of -2 - (6 - 4) - -5?
1
What is the value of (-4 + 6 + 0 - 0) + -1?
1
Calculate 0 + 2 + 7 + -2 + -2.
5
(-3 - -8) + 1 + -4 + 2
4
9 - (7 + 7 + -9 + -4)
8
What is the value of -7 - (28 - 29 - (-1 - -11))?
4
Evaluate -5 + 9 + 1 + -2 + 0.
3
Evaluate 0 - (-4 + -2 + 10).
-4
Evaluate 0 + (0 - (7 - 3)).
-4
-1 + 3 + -4 - 0
-2
(2 - 1) + (10 - 8)
3
Evaluate -1 + 0 + -1 + 5 - 3.
0
12 + -12 + (4 - 1)
3
What is the value of 4 + -2 + -2 + 5?
5
Calculate 3 - (-6 - 0) - 5.
4
(-14 - -9) + (0 - -3) + 3
1
Calculate 3 - 1 - (3 + 3).
-4
Evaluate (3 - 2) + -3 + 2 + -6.
-6
Evaluate 5 - 1 - (38 - 38).
4
What is (-7 - -17 - 6) + -8?
-4
Calculate 8 + -17 + 7 + 10.
8
3 + (-1 + 4 - 5)
1
Evaluate -144 - -147 - ((0 - -2) + -1).
2
What is 8 - (3 - 5 - -6)?
4
Calculate -3 - (-3 + 2 + (1 - -1)).
-4
What is -5 + 4 + 1 + -5?
-5
What is the value of -2 + -1 - (-1 - 0) - -1?
-1
Calculate -2 - -2 - (-21 - -23).
-2
What is the value of (1 - -1) + 2 + -3?
1
Evaluate -5 + -1 - (13 + (4 - 29)).
6
Calculate -9 + 6 + (-9 - -7).
-5
What is the value of 1 + 2 + (-11 - -10)?
2
Calculate 2 + (-6 + 1 - (1 + 0)).
-4
Calculate -3 + (-15 + 18 - (-1 - 0)).
1
Evaluate 6 + (-1 - (0 - (2 + -6))).
1
Evaluate -5 + (-1 - (0 + 1)).
-7
Calculate 0 + (-5 - -4) - 1.
-2
Evaluate (10 - 7 - 5) + 3.
1
Evaluate -8 - (-27 + 3 - -9).
7
5 + 6 + -19 + 10
2
What is 0 + (-4 - -2) - -3?
1
(18 - 10) + (-3 - 1)
4
What is 5 - (1 - (0 + -1 - -1))?
4
Evaluate -3 + 0 + 1 + 0.
-2
What is -13 + 9 + 6 - (1 + 6)?
-5
What is -3 + (4 - 6) + 2 + 3?
0
Calculate (1 - 12) + -164 + 166.
-9
What is the value of (-10 + 1 + 4 - -1) + 4?
0
Calculate 8 + -3 - (1 + (3 - 4)).
5
What is the value of -9 - (-13 - 2 - -8)?
-2
Evaluate -17 + 7 + 11 + (-1 - -2).
2
What is the value of 12 + 8 + -23 + 10?
7
What is 3 - (5 + -2 - 1)?
1
Calculate -3 - (6 - (4 + -7) - 4).
-8
-1 + -5 + 3 - (1 - 4)
0
What is -4 + -1 + 3 - (0 - 1)?
-1
Evaluate -2 + (-4 - -8) - (-12 + 7).
7
-8 + ((-12 - -6) + 7 - -4)
-3
What is the value of 2 - ((10 - 4) + (-4 - 0))?
0
What is 0 - 5 - (-10 - (7 - 17))?
-5
Evaluate -115 - -108 - (0 - 1).
-6
(-2 + 1 - 2) + (144 - 137)
4
Calculate (-2 - -11) + -67 + 59.
1
3 + (-3 - -10) + -3
7
What is -1 - (1 + -4 + 3)?
-1
Calculate 1 - 3 - (1 + (-3 - -5)).
-5
Evaluate 2 + (4 + -5 - 1).
0
-5 + 11 + -3 + 1 - 5
-1
-8 + (9 - 1) - (0 + -2)
2
What is -7 - 1 - (-48 + 37)?
3
What is the value of (1 - (-5 - -6)) + 1?
1
Calculate 0 + 2 + -5 + -3 + 5.
-1
Evaluate -9 - 2 - -8 - (-3 - -1).
-1
Evaluate 2 - (4 - (6 + -2 + -2)).
0
Calculate -12 + 12 - (0 + 2).
-2
What is -1 + -4 + 1 - (-7 + 0)?
3
Evaluate 6 - 22 - (-1 + -9).
-6
What is the value of (-2 - 8) + 1 - (-17 - -16)?
-8
Evaluate 7 + (-2 - 4) + -6 - -5.
0
Calculate 0 + (1 - 4 - 2) + 1.
-4
Calculate (-3 + 4 - -7) + 0 + -1.
7
What is 3 + (-3 + 0 - -5) + -3?
2
Calculate (-4 + 4 - 7) + 2.
-5
What is the value of (-2 - (4 - 9)) + -4?
-1
What is (-16 -